{"id":339,"date":"2024-12-22T10:53:46","date_gmt":"2024-12-22T09:53:46","guid":{"rendered":"https:\/\/gosplus.de\/?page_id=339"},"modified":"2024-12-22T10:55:21","modified_gmt":"2024-12-22T09:55:21","slug":"kontakt","status":"publish","type":"page","link":"https:\/\/gosplus.de\/?page_id=339","title":{"rendered":"Kontakt"},"content":{"rendered":"\n<h3 class=\"wp-block-heading\">Die GOSplus wurde mit dem Ziel gegr\u00fcndet, universelle Bibliotheken aus dem Bereich Vermessung und Geod\u00e4sie zu entwickeln. Mit diesen Bibliotheken erweitern Sie Ihre Anwender-Software einfach um viele Funktionen wie Koordinatentransformationen, geod\u00e4tische Berechnungen und ALKIS-Datenmanagement.<\/h3>\n\n\n\n<p>Wir freuen uns auf Ihren Kontakt und nehmen uns gerne Zeit f\u00fcr ein pers\u00f6nliches informatives Gespr\u00e4ch.<\/p>\n\n\n\n<p><strong>Sie erreichen uns postalisch unter:<\/strong><\/p>\n\n\n\n<p>\u00a0\u00a0\u00a0GOSplus<br>\u00a0\u00a0\u00a0Karl-Heinz Steffens<br>\u00a0\u00a0\u00a0Friedrich-Harkort Str. 11<br>\u00a0\u00a0\u00a059302 Oelde<\/p>\n\n\n\n<p><strong>oder per E-Mail:<\/strong><\/p>\n\n\n\n<p>\u00a0\u00a0\u00a0<a href=\"mailto:info@gosplus.de?Subject=Anfrage\">info@gosplus.de<\/a><\/p>\n\n\n\n<p><strong>oder telefonisch unter:<\/strong><\/p>\n\n\n\n<p>\u00a0\u00a0\u00a0+49 151 55 11 77 01<\/p>\n\n\n\n<p><strong>oder per Skype \/ Teams :<\/strong><\/p>\n\n\n\n<p>&nbsp;&nbsp;&nbsp;nach Absprache<\/p>\n\n\n\n<p><a href=\"https:\/\/www.pcvisit.de\/\" target=\"_blank\" rel=\"noreferrer noopener\"><br><\/a>\u00a0\u00a0\u00a0\u00a0<a href=\"https:\/\/nacl.pcvisit.com\/stable_update\/v1\/hosted\/jumplink?productid=18&amp;func=download&amp;productrole=guestSetup&amp;companyid=8431025228&amp;gateway=lb3.pcvisit.de\"><\/a><\/p>\n","protected":false},"excerpt":{"rendered":"<p>Die GOSplus wurde mit dem Ziel gegr\u00fcndet, universelle Bibliotheken aus dem Bereich Vermessung und Geod\u00e4sie zu entwickeln. Mit diesen Bibliotheken erweitern Sie Ihre Anwender-Software einfach um viele Funktionen wie Koordinatentransformationen, geod\u00e4tische Berechnungen und ALKIS-Datenmanagement. Wir freuen uns auf Ihren Kontakt &hellip; <a href=\"https:\/\/gosplus.de\/?page_id=339\">Weiterlesen <span class=\"meta-nav\">&rarr;<\/span><\/a><\/p>\n","protected":false},"author":1,"featured_media":0,"parent":0,"menu_order":0,"comment_status":"closed","ping_status":"closed","template":"","meta":{"footnotes":""},"class_list":["post-339","page","type-page","status-publish","hentry"],"_links":{"self":[{"href":"https:\/\/gosplus.de\/index.php?rest_route=\/wp\/v2\/pages\/339","targetHints":{"allow":["GET"]}}],"collection":[{"href":"https:\/\/gosplus.de\/index.php?rest_route=\/wp\/v2\/pages"}],"about":[{"href":"https:\/\/gosplus.de\/index.php?rest_route=\/wp\/v2\/types\/page"}],"author":[{"embeddable":true,"href":"https:\/\/gosplus.de\/index.php?rest_route=\/wp\/v2\/users\/1"}],"replies":[{"embeddable":true,"href":"https:\/\/gosplus.de\/index.php?rest_route=%2Fwp%2Fv2%2Fcomments&post=339"}],"version-history":[{"count":2,"href":"https:\/\/gosplus.de\/index.php?rest_route=\/wp\/v2\/pages\/339\/revisions"}],"predecessor-version":[{"id":342,"href":"https:\/\/gosplus.de\/index.php?rest_route=\/wp\/v2\/pages\/339\/revisions\/342"}],"wp:attachment":[{"href":"https:\/\/gosplus.de\/index.php?rest_route=%2Fwp%2Fv2%2Fmedia&parent=339"}],"curies":[{"name":"wp","href":"https:\/\/api.w.org\/{rel}","templated":true}]}}